factor of 173483?
False
Does 18 divide 1205676?
True
Is 1526566 a multiple of 72?
False
Does 450 divide 1519650?
True
Is 565444 a multiple of 213?
False
Is 500912 a multiple of 11?
False
Is 179 a factor of 12937926?
False
Does 266 divide 328299?
False
Is 455816 a multiple of 48?
False
Is 1461 a factor of 22014348?
True
Is 29 a factor of 23986770?
True
Does 105 divide 164640?
True
Does 371 divide 11076999?
False
Does 254 divide 231970?
False
Is 1791048 a multiple of 84?
True
Does 17 divide 6924775?
False
Does 23 divide 1862624?
False
Is 470448 a multiple of 121?
True
Does 26 divide 1576527?
False
Does 14 divide 645883?
False
Does 34 divide 24534?
False
Does 138 divide 926670?
True
Is 143 a factor of 6142859?
False
Is 4982328 a multiple of 234?
True
Does 232 divide 2199360?
True
Is 41 a factor of 3426206?
True
Is 88 a factor of 9414592?
True
Does 14 divide 250440?
False
Is 77 a factor of 967504?
False
Is 21 a factor of 957008?
False
Is 154 a factor of 55555?
False
Is 4500 a multiple of 3?
True
Is 19 a factor of 100776?
True
Is 1858145 a multiple of 1484?
False
Does 38 divide 1370812?
True
Does 5 divide 38430?
True
Is 20 a factor of 13976240?
True
Does 118 divide 2611104?
True
Does 227 divide 159127?
True
Does 131 divide 324620?
False
Is 81 a factor of 124335?
True
Is 58260 a multiple of 29?
False
Is 25 a factor of 1307588?
False
Does 405 divide 215865?
True
Is 95119 a multiple of 17?
False
Does 566 divide 796362?
True
Does 177 divide 397152?
False
Is 2029680 a multiple of 20?
True
Does 1439 divide 441773?
True
Does 17 divide 97665?
True
Is 370077 a multiple of 61?
False
Is 7 a factor of 187341?
True
Is 22 a factor of 1691536?
True
Does 136 divide 317832?
True
Is 71 a factor of 127083?
False
Is 16 a factor of 401088?
True
Does 476 divide 7511680?
False
Is 3327228 a multiple of 36?
True
Is 7 a factor of 1193535?
True
Is 6473889 a multiple of 11?
False
Is 154 a factor of 2136735?
False
Is 87576 a multiple of 11?
False
Is 230490 a multiple of 5?
True
Is 2812592 a multiple of 296?
True
Is 32036 a multiple of 10?
False
Is 4129538 a multiple of 14?
True
Does 22 divide 873994?
True
Is 3287721 a multiple of 4?
False
Is 13 a factor of 938837?
False
Is 58782 a multiple of 72?
False
Does 188 divide 888864?
True
Does 14 divide 5422256?
True
Is 540198 a multiple of 66?
False
Does 8 divide 5721336?
True
Is 154 a factor of 1335477?
False
Is 161363 a multiple of 7?
False
Does 45 divide 2486070?
True
Does 570 divide 845310?
True
Is 277 a factor of 2015252?
False
Is 1720655 a multiple of 653?
True
Is 59 a factor of 39235?
True
Is 139 a factor of 4032946?
True
Is 89260 a multiple of 6?
False
Does 49 divide 1074?
False
Is 272 a factor of 2413757?
False
Is 7655336 a multiple of 8?
True
Is 37 a factor of 1839751?
True
Is 25 a factor of 387956?
False
Is 1863608 a multiple of 52?
False
Does 47 divide 65401?
False
Does 23 divide 151410?
False
Does 11 divide 508823?
False
Is 10 a factor of 410037?
False
Does 19 divide 523909?
False
Is 45 a factor of 1061865?
True
Does 76 divide 1208780?
True
Does 246 divide 164328?
True
Is 8656888 a multiple of 71?
True
Is 44 a factor of 1734172?
True
Does 24 divide 73848?
True
Is 5 a factor of 80190?
True
Is 8 a factor of 23521?
False
Is 731 a factor of 448834?
True
Is 70320 a multiple of 80?
True
Is 4523244 a multiple of 17?
False
Does 73 divide 1262964?
False
Is 153 a factor of 80960?
False
Is 72 a factor of 3764455?
False
Is 123 a factor of 220750?
False
Is 378 a factor of 19567170?
True
Is 2 a factor of 248404?
True
Is 11 a factor of 3355?
True
Is 61 a factor of 35779?
False
Is 180 a factor of 19463940?
True
Is 30 a factor of 1178878?
False
Does 33 divide 69729?
True
Is 23 a factor of 256265?
False
Does 31 divide 57771?
False
Is 90 a factor of 1192138?
False
Does 122 divide 455998?
False
Is 152 a factor of 388360?
True
Is 397 a factor of 2504276?
True
Is 90768 a multiple of 62?
True
Is 400 a factor of 28800?
True
Does 274 divide 55348?
True
Does 544 divide 6125984?
True
Does 17 divide 173417?
True
Is 58849 a multiple of 38?
False
Is 84370 a multiple of 177?
False
Is 6037485 a multiple of 85?
False
Is 1722125 a multiple of 29?
False
Is 73 a factor of 17301?
True
Is 52664 a multiple of 11?
False
Is 9 a factor of 437656?
False
Is 79768 a multiple of 26?
True
Is 75 a factor of 14846025?
True
Is 131547 a multiple of 39?
True
Is 176880 a multiple of 66?
True
Is 182225 a multiple of 9?
False
Is 909214 a multiple of 14?
False
Is 2728472 a multiple of 105?
False
Does 54 divide 62266?
False
Does 1312 divide 2724808?
False
Is 37 a factor of 220113?
True
Is 109650 a multiple of 25?
True
Is 294 a factor of 2966053?
False
Is 4249884 a multiple of 158?
True
Does 13 divide 343291?
True
Is 12 a factor of 321348?
True
Is 126980 a multiple of 907?
True
Is 30 a factor of 920490?
True
Is 566 a factor of 2157575?
False
Does 11 divide 243452?
True
Is 87 a factor of 55979?
False
Is 987 a factor of 2061307?
False
Is 9130 a multiple of 10?
True
Is 3601450 a multiple of 95?
True
Does 5 divide 365205?
True
Is 96736 a multiple of 32?
True
Is 627 a factor of 556776?
True
Is 36 a factor of 244908?
True
Does 35 divide 93032?
False
Is 4 a factor of 21169?
False
Does 13 divide 14019811?
True
Is 32 a factor of 101312?
True
Does 18 divide 988110?
True
Does 3 divide 14007?
True
Is 1960496 a multiple of 623?
False
Is 2940728 a multiple of 56?
True
Does 6 divide 19004?
False
Is 307200 a multiple of 16?
True
Is 29 a factor of 111621?
True
Is 456 a factor of 822168?
True
Does 804 divide 4183330?
False
Does 208 divide 2368080?
True
Does 128 divide 103168?
True
Does 17 divide 1080758?
True
Is 109200 a multiple of 6?
True
Is 1346822 a multiple of 8?
False
Is 126672 a multiple of 84?
True
Does 260 divide 3984760?
True
Is 5320349 a multiple of 21?
False
Is 79 a factor of 788104?
True
Is 850 a factor of 7461300?
True
Is 14 a factor of 717444?
True
Is 231231 a multiple of 39?
True
Is 873730 a multiple of 385?
False
Does 14 divide 3745?
False
Does 252 divide 895104?
True
Is 16909958 a multiple of 82?
True
Does 199 divide 1348822?
True
Does 759 divide 1152162?
True
Is 24 a factor of 382948?
False
Is 600362 a multiple of 63?
False
Does 56 divide 1361920?
True
Does 185 divide 26070?
False
Is 1051264 a multiple of 128?
True
Is 223986 a multiple of 42?
True
Does 10 divide 1354158?
False
Is 72 a factor of 103559?
False
Is 13 a factor of 6668974?
True
Does 299 divide 924403?
False
Is 28106 a multiple of 47?
True
Does 278 divide 329950?
False
Is 6610443 a multiple of 147?
True
Is 154980 a multiple of 42?
True
Is 924 a factor of 503580?
True
Is 512610 a multiple of 23?
False
Does 12 divide 810744?
True
Does 27 divide 1357803?
True
Is 15362792 a multiple of 120?
False
Does 17 divide 249764?
True
Is 4 a factor of 9941168?
True
Does 22 divide 144355?
False
Is 3749396 a multiple of 1436?
True
Does 15 divide 6185131?
False
Is 12 a factor of 258793?
False
Does 389 divide 1953598?
False
Is 433845 a multiple of 274?
False
Does 21 divide 1358802?
False
Is 7 a factor of 83174?
True
Is 39 a factor of 637845?
True
Is 210 a factor of 249270?
True
Is 17 a factor of 946934?
True
Does 441 divide 13679699?
False
Is 65 a factor of 619450?
True
Does 177 divide 871576?
False
Does 13 divide 307177?
True
Is 261196 a multiple of 17?
False
Does 186 divide 1281726?
True
Is 438624 a multiple of 10?
False
Is 9 a factor of 17263?
False
Is 22114 even?
True
Does 47 divide 864538?
False
Does 528 divide 149582?
False
Is 93126 a multiple of 51?
True
Is 9295991 a multiple of 14?
False
Is 98064 a multiple of 72?
True
Does 451 divide 3352044?
False
Is 2559474 a multiple of 93?
False
Is 818296 a multiple of 233?
True
Is 68356 a multiple of 23?
True
Does 52 divide 154978?
False
Is 55027 a multiple of 77?
False
Is 46 a factor of 19366?
True
Is 60 a factor of 127155?
False
Does 10 divide 12153970?
True
Does 24 divide 14544?
True
Is 18 a factor of 1153955?
False
Is 44 a factor of 650748?
False
Does 11 divide 188726?
False
Does 17 divide 382592?
False
Is 339206 a multiple of 61?
False
Does 27 divide 26568?
True
Does 40 divide 22920?
True
Is 7548516 a multiple of 18?
True
Is 12 a factor of 2416412?
False
Is 543 a factor of 67487?
False
Is 9 a factor of 139574?
False
Is 3613084 a multiple of 64?
False
Is 397 a factor of 77852?
F